{"id":11,"date":"2018-11-23T11:40:27","date_gmt":"2018-11-23T10:40:27","guid":{"rendered":"https:\/\/2019.bratislava.wordcamp.org\/location\/"},"modified":"2019-10-11T20:57:04","modified_gmt":"2019-10-11T18:57:04","slug":"location","status":"publish","type":"page","link":"https:\/\/bratislava.wordcamp.org\/2019\/location\/","title":{"rendered":"Miesto"},"content":{"rendered":"<h4><strong>Conference day &#8211; 12.10.2019:<\/strong><\/h4>\n<p><strong>FIIT STU Bratislava<\/strong> (<a href=\"https:\/\/goo.gl\/maps\/gSFdpk2xRjPs91LM6\">Google Maps<\/a>)<\/p>\n<div class=\"googlemaps\">\n\t\t\t\t<iframe loading=\"lazy\" width=\"600\" height=\"450\" frameborder=\"0\" scrolling=\"no\" marginheight=\"0\" marginwidth=\"0\"  src=\"https:\/\/www.google.com\/maps\/embed?pb=!1m18!1m12!1m3!1d2661.7424534274264!2d17.06970021629798!3d48.153770258010994!2m3!1f0!2f0!3f0!3m2!1i1024!2i768!4f13.1!3m3!1m2!1s0x476c8bec79f0f3a9:0x8b585229fc0ae860!2sFakulta%20informatiky%20a%20informa\u010dn\u00fdch%20technol\u00f3gi\u00ed%20Slovenskej%20technickej%20univerzity!5e0!3m2!1ssk!2sat!4v1564509439300!5m2!1ssk!2sat\"><\/iframe>\n\t\t\t<\/div>\n<p>Address:<\/p>\n<p>Slovensk\u00e1 technick\u00e1 univerzita<br \/>\nFakulta informatiky a informa\u010dn\u00fdch technol\u00f3gi\u00ed<br \/>\nIlkovi\u010dova 2, Bratislava, 841 04<\/p>\n<p><strong>Afterparty<\/strong> 12.10.2019: Afterparty v <a href=\"https:\/\/www.nasehospoda.sk\" rel=\"noopener noreferrer\" target=\"_blank\">Na\u0161e Hospoda Machn\u00e1\u010d<\/a> na <a href=\"https:\/\/g.page\/machnac?share\" rel=\"noopener noreferrer\" target=\"_blank\">N\u00e1bre\u017e\u00ed arm\u00e1dneho gener\u00e1la Ludv\u00edka Svobodu 42<\/a>.<\/p>\n<h4><strong>Contributor day &#8211; 11.10.2019:<\/strong><\/h4>\n<p><strong>Paraleln\u00e1 Polis <\/strong>(<a href=\"https:\/\/goo.gl\/maps\/SMQvPVTi9AQ2\">Google Maps<\/a>)<br \/>\nKomin\u00e1rska 3\/C<br \/>\n831 04 Bratislava<\/p>\n<div class=\"googlemaps\">\n\t\t\t\t<iframe loading=\"lazy\" width=\"600\" height=\"450\" frameborder=\"0\" scrolling=\"no\" marginheight=\"0\" marginwidth=\"0\"  src=\"https:\/\/www.google.com\/maps\/embed?pb=!1m18!1m12!1m3!1d2661.430353803619!2d17.121232716298206!3d48.159786457591615!2m3!1f0!2f0!3f0!3m2!1i1024!2i768!4f13.1!3m3!1m2!1s0x476c8eb34fb002d5:0x22f190060eef6c43!2sParaleln\u00e1%20Polis!5e0!3m2!1ssk!2sat!4v1564509926221!5m2!1ssk!2sat\"><\/iframe>\n\t\t\t<\/div>\n","protected":false},"excerpt":{"rendered":"<p>Conference day &#8211; 12.10.2019: FIIT STU Bratislava (Google Maps) Address: Slovensk\u00e1 technick\u00e1 univerzita Fakulta informatiky a informa\u010dn\u00fdch technol\u00f3gi\u00ed Ilkovi\u010dova 2, Bratislava, 841 04 Afterparty 12.10.2019: Afterparty v Na\u0161e Hospoda Machn\u00e1\u010d na N\u00e1bre\u017e\u00ed arm\u00e1dneho gener\u00e1la Ludv\u00edka Svobodu 42. Contributor day &#8211; 11.10.2019: Paraleln\u00e1 Polis (Google Maps) Komin\u00e1rska 3\/C 831 04 Bratislava<\/p>\n","protected":false},"author":14568073,"featured_media":0,"parent":0,"menu_order":0,"comment_status":"closed","ping_status":"closed","template":"","meta":{"jetpack_post_was_ever_published":false,"footnotes":""},"class_list":["post-11","page","type-page","status-publish","hentry"],"jetpack_sharing_enabled":true,"jetpack_shortlink":"https:\/\/wp.me\/Paxzx0-b","_links":{"self":[{"href":"https:\/\/bratislava.wordcamp.org\/2019\/wp-json\/wp\/v2\/pages\/11","targetHints":{"allow":["GET"]}}],"collection":[{"href":"https:\/\/bratislava.wordcamp.org\/2019\/wp-json\/wp\/v2\/pages"}],"about":[{"href":"https:\/\/bratislava.wordcamp.org\/2019\/wp-json\/wp\/v2\/types\/page"}],"author":[{"embeddable":true,"href":"https:\/\/bratislava.wordcamp.org\/2019\/wp-json\/wp\/v2\/users\/14568073"}],"replies":[{"embeddable":true,"href":"https:\/\/bratislava.wordcamp.org\/2019\/wp-json\/wp\/v2\/comments?post=11"}],"version-history":[{"count":18,"href":"https:\/\/bratislava.wordcamp.org\/2019\/wp-json\/wp\/v2\/pages\/11\/revisions"}],"predecessor-version":[{"id":1327,"href":"https:\/\/bratislava.wordcamp.org\/2019\/wp-json\/wp\/v2\/pages\/11\/revisions\/1327"}],"wp:attachment":[{"href":"https:\/\/bratislava.wordcamp.org\/2019\/wp-json\/wp\/v2\/media?parent=11"}],"curies":[{"name":"wp","href":"https:\/\/api.w.org\/{rel}","templated":true}]}}