{"id":135,"date":"2017-11-29T13:47:22","date_gmt":"2017-11-29T12:47:22","guid":{"rendered":"https:\/\/2018.bratislava.wordcamp.org\/?page_id=135"},"modified":"2018-02-06T15:21:39","modified_gmt":"2018-02-06T14:21:39","slug":"en","status":"publish","type":"page","link":"https:\/\/bratislava.wordcamp.org\/2018\/en\/","title":{"rendered":"Info in english"},"content":{"rendered":"<p>Quick navigation: <a href=\"https:\/\/2018.bratislava.wordcamp.org\/en\/location\/\">Location<\/a>, <a href=\"https:\/\/2018.bratislava.wordcamp.org\/en\/schedule\/\">Schedule<\/a>, <a href=\"https:\/\/2018.bratislava.wordcamp.org\/en\/speakers\/\">Speakers<\/a>,\u00a0<a href=\"https:\/\/2018.bratislava.wordcamp.org\/en\/contact\/\">Contact<\/a>,\u00a0<a href=\"https:\/\/2018.bratislava.wordcamp.org\/en\/code-of-conduct\/\">Code of Conduct<\/a><\/p>\n<p>&nbsp;<\/p>\n<p>The 7h annual WordCamp conference will take place on <strong>April 28, 2018<\/strong>, at <a href=\"https:\/\/www.paneurouni.com\/en\/home\/\">Pan-european university<\/a> <strong>in Bratislava<\/strong>, Slovakia\u00a0with <strong>2 tracks and workshops<\/strong>.<\/p>\n<p>The conference will last all day, organised in a friendly atmosphere of Slovak WordPress community. You will have a chance to listen to the valuable presentations from leading experts, meet members of the WordPress community, and discuss and connect with participants and professionals.<\/p>\n<p>WordCamps are informal, community-organized events that should be attended by everyone who uses WordPress, and everyone who could\/should use WordPress. This includes bloggers, designers, developers, authors, marketers, SEOs, Businesses, Non-profits, photographers, consultants, entrepreneurs, etc.<\/p>\n<p>&nbsp;<\/p>\n<h3>LANGUAGE of the talks: 85% SK or CZ + 15% EN<\/h3>\n<p>&nbsp;<\/p>\n<p>Don&#8217;t speak Slovak or Czech? We are very sorry, but you will not understand most talks. Slovak and Czech talks will not be translated.<\/p>\n<p>You can spend time meeting new people. Most participants of our conference speak fluently English.<\/p>\n","protected":false},"excerpt":{"rendered":"<p>Quick navigation: Location, Schedule, Speakers,\u00a0Contact,\u00a0Code of Conduct &nbsp; The 7h annual WordCamp conference will take place on April 28, 2018, at Pan-european university in Bratislava, Slovakia\u00a0with 2 tracks and workshops. The conference will last all day, organised in a friendly &hellip; <a href=\"https:\/\/bratislava.wordcamp.org\/2018\/en\/\">\u010c\u00edta\u0165 \u010falej <span class=\"assistive-text\">Info in english<\/span>  <span class=\"meta-nav\">&rarr;<\/span><\/a><\/p>\n","protected":false},"author":13706582,"featured_media":0,"parent":0,"menu_order":0,"comment_status":"closed","ping_status":"closed","template":"","meta":{"_crdt_document":"","footnotes":""},"class_list":["post-135","page","type-page","status-publish","hentry"],"jetpack_sharing_enabled":true,"jetpack_shortlink":"https:\/\/wp.me\/PheLLP-2b","jetpack_likes_enabled":true,"_links":{"self":[{"href":"https:\/\/bratislava.wordcamp.org\/2018\/wp-json\/wp\/v2\/pages\/135","targetHints":{"allow":["GET"]}}],"collection":[{"href":"https:\/\/bratislava.wordcamp.org\/2018\/wp-json\/wp\/v2\/pages"}],"about":[{"href":"https:\/\/bratislava.wordcamp.org\/2018\/wp-json\/wp\/v2\/types\/page"}],"author":[{"embeddable":true,"href":"https:\/\/bratislava.wordcamp.org\/2018\/wp-json\/wp\/v2\/users\/13706582"}],"replies":[{"embeddable":true,"href":"https:\/\/bratislava.wordcamp.org\/2018\/wp-json\/wp\/v2\/comments?post=135"}],"version-history":[{"count":14,"href":"https:\/\/bratislava.wordcamp.org\/2018\/wp-json\/wp\/v2\/pages\/135\/revisions"}],"predecessor-version":[{"id":401,"href":"https:\/\/bratislava.wordcamp.org\/2018\/wp-json\/wp\/v2\/pages\/135\/revisions\/401"}],"wp:attachment":[{"href":"https:\/\/bratislava.wordcamp.org\/2018\/wp-json\/wp\/v2\/media?parent=135"}],"curies":[{"name":"wp","href":"https:\/\/api.w.org\/{rel}","templated":true}]}}