{"id":40,"date":"2017-02-13T09:38:42","date_gmt":"2017-02-13T09:38:42","guid":{"rendered":"https:\/\/2017.bratislava.wordcamp.org\/?page_id=40"},"modified":"2017-02-13T09:45:28","modified_gmt":"2017-02-13T09:45:28","slug":"organizatori","status":"publish","type":"page","link":"https:\/\/bratislava.wordcamp.org\/2017\/o-wordcamp\/organizatori\/","title":{"rendered":"Organiz\u00e1tori"},"content":{"rendered":"<p>Na organizovan\u00ed WordCamp Bratislava 2017 sa podie\u013eaj\u00fa:<\/p>\n\t<div class=\"wcorg-organizers\">\n\n\t\t\n\t\t\t<div class=\"wcorg-organizer\">\n\t\t\t\t<h2>Karol V\u00f6r\u00f6s<\/h2>\n\t\t\t\t<div class=\"wcorg-organizer-description\">\n\t\t\t\t\t\t\t\t\t\t<img alt='' src='https:\/\/secure.gravatar.com\/avatar\/615c49ff2edccdf199250c26f5b19bdc61ad7ecf241171f46f2b1e2f8e7b8126?s=100&#038;d=mm&#038;r=g' srcset='https:\/\/secure.gravatar.com\/avatar\/615c49ff2edccdf199250c26f5b19bdc61ad7ecf241171f46f2b1e2f8e7b8126?s=200&#038;d=mm&#038;r=g 2x' class='avatar avatar-100 photo' height='100' width='100' \/>\t\t\t\t\t<p>Ako tvoriv\u00fd \u010dlovek som sa na\u0161iel najm\u00e4 v marketingu. Mojou \u0161pecializ\u00e1ciou je n\u00e1vrh webu, tvorba obsahu a celkov\u00fd product\/business development. Vo WordPress sa \u0161pecializujem na e-commerce weby a pom\u00e1ham s organizovan\u00edm stretnut\u00ed komunity. Aktu\u00e1lne pracujem pre GraviFit a Webglobe &#8211; Yegon.<\/p>\n\t\t\t\t<\/div>\n\t\t\t<\/div>\n\n\t\t\n\t\t\t<div class=\"wcorg-organizer\">\n\t\t\t\t<h2>Nat\u00e1lia Mattielighov\u00e1<\/h2>\n\t\t\t\t<div class=\"wcorg-organizer-description\">\n\t\t\t\t\t\t\t\t\t\t<img alt='' src='https:\/\/secure.gravatar.com\/avatar\/fd51ee98dca08ad9c40d5d33dc6e691b6e3aeb62a719af3b93dbf9299e82e7fd?s=100&#038;d=mm&#038;r=g' srcset='https:\/\/secure.gravatar.com\/avatar\/fd51ee98dca08ad9c40d5d33dc6e691b6e3aeb62a719af3b93dbf9299e82e7fd?s=200&#038;d=mm&#038;r=g 2x' class='avatar avatar-100 photo' height='100' width='100' \/>\t\t\t\t\t<p>Od 2007 organizuje MFF Cinematik Pie\u0161\u0165any, kde po prv\u00fd kr\u00e1t pracovala s WordPress. Od roku 2013 pracuje aj ako project manager pre Foliovision. Pr\u00edle\u017eitostne sa venuje vlastn\u00fdm projektom, ktor\u00e9 m\u00f4\u017eu ale nemusia s\u00favisie\u0165 s WordPress.<\/p>\n\t\t\t\t<\/div>\n\t\t\t<\/div>\n\n\t\t\n\t\t\t<div class=\"wcorg-organizer\">\n\t\t\t\t<h2>Katar\u00edna Novotn\u00e1<\/h2>\n\t\t\t\t<div class=\"wcorg-organizer-description\">\n\t\t\t\t\t\t\t\t\t\t<img alt='' src='https:\/\/secure.gravatar.com\/avatar\/934752bbd79f5288010f8e937ff2b65744bcc36b3b9aae279b55173ca207c6a6?s=100&#038;d=mm&#038;r=g' srcset='https:\/\/secure.gravatar.com\/avatar\/934752bbd79f5288010f8e937ff2b65744bcc36b3b9aae279b55173ca207c6a6?s=200&#038;d=mm&#038;r=g 2x' class='avatar avatar-100 photo' height='100' width='100' \/>\t\t\t\t\t<p>Venujem sa WordPressu u\u017e nejak\u00fd ten piatok. M\u00f4\u017eete ma stretn\u00fa\u0165 na pravideln\u00fdch WordPress meetupoch v Bratislave, ktor\u00e9 pom\u00e1ham aj organizova\u0165.<\/p>\n\t\t\t\t<\/div>\n\t\t\t<\/div>\n\n\t\t\n\t\t\t<div class=\"wcorg-organizer\">\n\t\t\t\t<h2>Luk\u00e1\u0161 Franko<\/h2>\n\t\t\t\t<div class=\"wcorg-organizer-description\">\n\t\t\t\t\t\t\t\t\t\t<img alt='' src='https:\/\/secure.gravatar.com\/avatar\/3f0fe3bccbac485270fa00625a1a0e6d4e4c31ed4a232e2f51a08b16af44f02e?s=100&#038;d=mm&#038;r=g' srcset='https:\/\/secure.gravatar.com\/avatar\/3f0fe3bccbac485270fa00625a1a0e6d4e4c31ed4a232e2f51a08b16af44f02e?s=200&#038;d=mm&#038;r=g 2x' class='avatar avatar-100 photo' height='100' width='100' \/>\t\t\t\t\t<p>Kreat\u00edvec s kopou n\u00e1padov v hlave, ktor\u00fd kresl\u00ed my\u0161lienkov\u00e9 mapy. Navrhujem, vizualizujem a realizujem mapu digit\u00e1lnych strat\u00e9gi\u00ed zameran\u00fdch na soci\u00e1lne m\u00e9dia. Mojim poslan\u00edm je in\u0161pirova\u0165 druh\u00fdch, aby robili to, \u010do ich bav\u00ed, boli sami sebou a nechali si za to plati\u0165. Do WordPress som sa \u201czabuchol\u201c ke\u010f som v\u010faka blogu a str\u00e1nke z\u00edskal prv\u00fdch fan\u00fa\u0161ikov, klientov, ale aj kamar\u00e1tov.<\/p>\n\t\t\t\t<\/div>\n\t\t\t<\/div>\n\n\t\t\n\t<\/div><!-- .wcorg-organizers -->\n\t\n","protected":false},"excerpt":{"rendered":"<p>Na organizovan\u00ed WordCamp Bratislava 2017 sa podie\u013eaj\u00fa:<\/p>\n","protected":false},"author":13706582,"featured_media":0,"parent":36,"menu_order":0,"comment_status":"closed","ping_status":"closed","template":"","meta":{"jetpack_post_was_ever_published":false,"footnotes":""},"class_list":["post-40","page","type-page","status-publish","hentry"],"jetpack_sharing_enabled":true,"jetpack_shortlink":"https:\/\/wp.me\/P8oGMJ-E","jetpack_likes_enabled":true,"_links":{"self":[{"href":"https:\/\/bratislava.wordcamp.org\/2017\/wp-json\/wp\/v2\/pages\/40","targetHints":{"allow":["GET"]}}],"collection":[{"href":"https:\/\/bratislava.wordcamp.org\/2017\/wp-json\/wp\/v2\/pages"}],"about":[{"href":"https:\/\/bratislava.wordcamp.org\/2017\/wp-json\/wp\/v2\/types\/page"}],"author":[{"embeddable":true,"href":"https:\/\/bratislava.wordcamp.org\/2017\/wp-json\/wp\/v2\/users\/13706582"}],"replies":[{"embeddable":true,"href":"https:\/\/bratislava.wordcamp.org\/2017\/wp-json\/wp\/v2\/comments?post=40"}],"version-history":[{"count":2,"href":"https:\/\/bratislava.wordcamp.org\/2017\/wp-json\/wp\/v2\/pages\/40\/revisions"}],"predecessor-version":[{"id":68,"href":"https:\/\/bratislava.wordcamp.org\/2017\/wp-json\/wp\/v2\/pages\/40\/revisions\/68"}],"up":[{"embeddable":true,"href":"https:\/\/bratislava.wordcamp.org\/2017\/wp-json\/wp\/v2\/pages\/36"}],"wp:attachment":[{"href":"https:\/\/bratislava.wordcamp.org\/2017\/wp-json\/wp\/v2\/media?parent=40"}],"curies":[{"name":"wp","href":"https:\/\/api.w.org\/{rel}","templated":true}]}}